 factors of 15651/54 - (-1)/6.
2, 5, 29
Let a(s) = 5 + 0*s + s - 2*s. List the prime factors of a(-4).
3
Suppose 3*s - 12 = -s - 5*p, -4*p = -4*s + 48. Suppose 0 = i - 2*i - 2. Let c = i + s. What are the prime factors of c?
2, 3
Suppose 2*s + 70 = -3*s + 2*m, -4*s - 3*m = 56. Suppose r = 4*o - r - 100, 4*r = 4*o - 104. Let z = o + s. What are the prime factors of z?
2, 5
Let x be (-1144)/30 + 2/15. What are the prime factors of (-1)/((-2)/(-8)) - x?
2, 17
List the prime factors of (217/28 + -4)/((-3)/(-184)).
2, 5, 23
Let n be (2 - 15)*(-3 - -4). Let t = n + 20. What are the prime factors of t?
7
List the prime factors of (-1)/(2 + 69/(-33)).
11
Suppose 285 = -5*k - 5*v - 0*v, 3*v + 119 = -2*k. Let x = -28 - k. Let o = x + -2. List the prime factors of o.
2, 11
Suppose y - 2*y + 22 = 0. Suppose 14 = -u + 5*c, -4*c + 0 + y = u. What are the prime factors of u?
2, 3
Suppose -l + 1 = 2*o - 8, 3*o = 6. Suppose -l*q - 170 = -5*r, 2*r = -2*q + 7*q + 74. What are the prime factors of r?
2
Let n be (9 - 1) + (1 - -2). Let o = n - -6. What are the prime factors of o?
17
Suppose 4*c - 3*s + 18 = c, -5*s = c + 12. Let v = 17 - 3. Let n = c + v. List the prime factors of n.
7
Suppose 3*o + 1 = 46. Let r = o + 18. What are the prime factors of r?
3, 11
Suppose -4*v = -0*v. Suppose -5*k + 4*h + 85 = 0, v = h + 4*h. What are the prime factors of k?
17
Suppose 5*m = t + 32, 0 = m + 5*t + 9 - 31. List the prime factors of m.
7
Suppose -l + 11 = -2*p, 0*l = -l + 3*p + 15. Suppose -5*h - 51 = -l*f - 2*h, -3*f - 3*h = -39. List the prime factors of f.
3, 5
Suppose -4*k = -2 - 42. Suppose 5*f = k + 4. List the prime factors of f.
3
Let l(q) = 252*q**2 + 2*q - 2. What are the prime factors of l(1)?
2, 3, 7
Let v = -93 - -173. What are the prime factors of v?
2, 5
Let q be 54/8 - 2/(-8). Suppose 5*i - 1 = 2*d, -d + 3*d = -3*i + q. List the prime factors of i + 7/(2 + -1).
2
Suppose -4 = -2*x - 0. Let b = 4 - x. Suppose 20 = b*o - 0*o. List the prime factors of o.
2, 5
Suppose 0 = -q - q - 54. Let l be (-156)/q + (-4)/(-18). Let v = 15 - l. What are the prime factors of v?
3
Let k(t) = 9*t**3 + t + 1. Let n be k(-1). Let l = n - -21. Suppose 2*o = l + 8. What are the prime factors of o?
2, 5
Suppose 0 = 2*h + 2*d + 2 - 8, 2*h = 5*d - 1. Suppose -2*v = h*v - 96. Suppose 4*l - 2*l = v. What are the prime factors of l?
2, 3
What are the prime factors of (-14 + 13)/(2/(-122))?
61
Let u = -1 - -5. Suppose 0 = -4*y + 12, h - 18 = -2*y - u. What are the prime factors of h?
2
Let m(s) = s**2 + 4*s - 14. Suppose 0*f + f = -7. What are the prime factors of m(f)?
7
Let a be 3/12 + (-15)/(-4). Suppose o - a*o + 12 = 0. List the prime factors of o.
2
List the prime factors of (-58)/(-3) - (-22)/33.
2, 5
Let l be -2 + 0/3 - 2. Let c = l + 1. List the prime factors of c/3*(-2 - 7).
3
Let j = 82 - -2. List the prime factors of j.
2, 3, 7
Suppose 0 = -3*y + 12. Suppose -2*t = -y*n + 13 + 33, -5*t + 29 = 2*n. What are the prime factors of n?
2, 3
Suppose 3*p = 3*k - 969, -9*k + 1609 = -4*k - 2*p. What are the prime factors of k?
3, 107
Let m(c) = -c**2 + c + 3. Let p be m(0). List the prime factors of 3 - p/(9/(-21)).
2, 5
Let w(k) = -k**2 + 23*k - 5. What are the prime factors of w(10)?
5
Let p = 240 + -89. List the prime factors of p.
151
Let s = 8 + -5. Suppose -s*n = -4 - 11. List the prime factors of n.
5
Suppose 2*z = 4*o + z - 355, 2*z + 270 = 3*o. List the prime factors of o.
2, 11
Let m(u) be the second derivative of 0 + 1/2*u**2 + 2/3*u**4 + 1/20*u**5 + u**3 + 2*u. List the prime factors of m(-7).
2
Let o(y) = -y**3 + 7*y**2 - 3*y - 6. Let s be o(7). Let u = 3 - s. Suppose x - u = -x - t, -x = -4*t - 33. List the prime factors of x.
17
Suppose 0 = 2*b - 9 + 1. Let s(a) = -a**3 + 6*a**2 - a + 1. What are the prime factors of s(b)?
29
Let z = -13 + -18. Let w = -7 - z. What are the prime factors of w?
2, 3
Suppose t - 3*u + 4 = 1, 5*u - 5 = 0. Suppose -4*c + 56 = 5*x, t = 4*c + 2*x + x - 64. List the prime factors of c.
19
List the prime factors of -1 + 1 + (1 - -24).
5
Suppose -141 = -3*j + a + 122, 3*j = -4*a + 268. What are the prime factors of j?
2, 11
Let k be (-7)/(14/(-12)) + 1. Suppose 2*w = k + 3. Suppose -w + 25 = 4*a. What are the prime factors of a?
5
Suppose -3*b + 4*z - 28 = b, 0 = z - 3. List the prime factors of (-3)/(1 + b/3).
3
Let i(f) be the second derivative of 1/2*f**2 + 1/12*f**4 - f + 0 + 0*f**3. What are the prime factors of i(2)?
5
Let t = 3 + -3. Suppose t = -3*j - v + 31, 0*j = -2*j - 4*v + 14. List the prime factors of j.
11
Let i(u) = -u**3 + 9*u**2 - 8*u + 6. Suppose 2*g + 17 = 5. Let v = g + 14. List the prime factors of i(v).
2, 3
Suppose -2*s + 2*g + 330 + 128 = 0, 0 = 2*g + 4. Suppose s - 22 = 5*n. List the prime factors of n.
41
Suppose 3*h = -3*y + 48, 0*h = -2*h. What are the prime factors of y?
2
Let v = 4 + 2. List the prime factors of v.
2, 3
Let t(z) be the second derivative of -1/2*z**2 - 2*z + 1/6*z**3 + 1/12*z**4 + 0. What are the prime factors of t(-4)?
11
Suppose -5*x + 2*c = -17, 2 = 4*x - 4*c - 14. Suppose -5*h = 4*g + 26, -x*g - 20 = -g - h. List the prime factors of 6/g - (-64)/6.
2, 5
Let o = 1 - -1. Suppose 6*c + 46 = o*g + 2*c, 0 = 2*g - c - 31. List the prime factors of g.
13
Suppose 5*o + 100 = 315. What are the prime factors of o?
43
Suppose -5*u + 55 = -7*j + 3*j, -5*j - 50 = -5*u. Suppose 2*q - 6*c + 5*c - 6 = 0, -5*q + u = 5*c. What are the prime factors of q?
3
Let c = 28 + -10. List the prime factors of c.
2, 3
Suppose 0 = -t - 3, 0 = 4*m + t + t - 1286. Suppose -5*v + 83 = -5*x + m, -5*v = -4*x + 195. What are the prime factors of x?
3, 5
Suppose 5*w = -3*t + 347, 5*t + 165 + 83 = 4*w. List the prime factors of w.
67
Let c(f) = -f**3 - 12*f**2 + 11*f + 4. What are the prime factors of c(-13)?
2, 3, 5
Let z be (-254)/10 + (-4)/(-10). Let p be (-8)/24 - 272/(-6). Let v = p + z. List the prime factors of v.
2, 5
Suppose -7*v = -2*v - 10. Suppose -4 + v = -k. Suppose 2*d = -4*s, k*d - 12 = -2*d - 5*s. List the prime factors of d.
2
Suppose -3*g + 58 + 26 = 0. List the prime factors of g.
2, 7
Let h be -1 + 0 - -3*1. Suppose 9 = 2*b + 5*f, -h*b + 0*b + 3*f = 15. List the prime factors of (-3)/(b/5) + 0.
5
Let v = 4 - 4. Suppose v = 5*y - 20, -2*y + 18 = 4*c - 50. What are the prime factors of c?
3, 5
Suppose 0 = 4*p - 504 - 72. List the prime factors of p.
2, 3
Let d(u) = u**2 - 8*u + 4. Let r be d(9). Suppose t - 2 = r. List the prime factors of t.
3, 5
Let c(y) be the second derivative of y**5/20 + y**4/4 - y**3/2 - y**2 - 3*y. List the prime factors of c(-3).
7
Let p be -3 - (1 + 0)*1. Let r = p + 11. Suppose -2*a = -r*a + 85. What are the prime factors of a?
17
Let o(r) = 5 + 2 + 0 + r. Let y be o(-4). Suppose -y*b + 21 = 3*a, -4*b = b + 2*a - 50. What are the prime factors of b?
2, 3
Suppose 0*l + 2*d = l - 31, 5*l - 2*d = 123. Suppose -9 = p - 1. What are the prime factors of l/4 - (-6)/p?
5
Let i(f) be the first derivative of f**6/360 + f**5/40 - 7*f**4/24 + f**3/3 - 3. Let a(p) be the third derivative of i(p). What are the prime factors of a(-5)?
3
Let v = 57 + -39. What are the prime factors of v?
2, 3
Suppose 0 = 4*r + 4*x, -2*r - 2*x + 3*x + 15 = 0. Suppose 4*b - r*b + 20 = 0. List the prime factors of b.
2, 5
Suppose 7*l - 60 = 3*l. Suppose -3*g = -33 - l. List the prime factors of g.
2
Let r = -6 + 8. Suppose 12 = r*w - 8. What are the prime factors of w?
2, 5
Let v = -15 + 23. List the prime factors of v.
2
Let u = 17 + 2. Suppose 0 = v + 4 - u. List the prime factors of v.
3, 5
List the prime factors of 214/((-16)/(-6) - 36/54).
107
Suppose 4*t - 102 = 5*u + 111, 5*u = 2*t - 109. List the prime factors of t.
2, 13
Let a(x) = x**2 - 10*x + 1. Let k be a(7). List the prime factors of (-4)/(-5)*k/(-8).
2
Let a(n) = n + n - 5 + 2*n + 3*n**2. What are the prime factors of a(-4)?
3
Let u(w) be the third derivative of 0 - 1/8*w**4 + 0*w + 1/60*w**5 - w**2 + 5/6*w**3. What are the prime factors of u(4)?
3
What are the prime factors of (7 - 1)*110/15?
2, 11
Suppose -4*c + 5*b = 110, -33 = c - 0*c - 4*b. Let t = -9 - c. List the prime factors of t.
2
Suppose -3*h = -4*k + 8*k - 18, -4*h = k - 37. Suppose -3*q + 12 = 0, 3*m - q - h - 1 = 0. What are the prime factors of ((-4)/(-10))/(m/25)?
2
Let r(h) = -h**3 